et t be v(0). Suppose -t = -2*l - 3*c + 6, -2*c = 5*l - 78. What is the greatest common divisor of l and 154?
14
Let n(p) = 2*p**2 + 6*p + 37. Let q be n(11). What is the highest common divisor of q and 15?
15
Let f(j) = -3*j**3 - 2*j**2 - j - 4. Let g be (-9)/6*20/15. Let z be f(g). Suppose -z*l + 16*l = 48. Calculate the highest common factor of l and 48.
24
Let w = 5 - -75. Calculate the greatest common factor of 400 and w.
80
Let i be 18*(20/(-18))/((-5)/6). What is the highest common divisor of i and 1596?
12
Let r be 25 + -1 + 0 + 0. Suppose -4*t + 34 = -3*k - 4, -2*k - 12 = -t. Suppose t = 3*l - 1. What is the highest common factor of l and r?
3
Let l(r) = r + 6. Let q(p) = p + 11. Let k(y) = -5*l(y) + 3*q(y). Let v be k(-3). Let f be 6 + (v/(-1))/(-3). What is the highest common factor of f and 27?
9
Let t = 6 - 4. Let q = -70 + 70. Suppose -17*g + 8*g + 72 = q. What is the greatest common factor of g and t?
2
Let l(b) = b**3 - 28*b**2 - b + 34. Let d be l(28). Suppose -d*c = -3*c - 15, -z + 5 = -c. Let y = 2 - 1. Calculate the highest common factor of z and y.
1
Let x(r) = -r**3 + 9*r**2 - 5*r - 15. Let y be x(7). Calculate the greatest common factor of y and 120.
24
Let p be ((-135)/(-10))/((-3)/(-8)). Suppose 18 = -4*w + 54. What is the greatest common factor of w and p?
9
Suppose 11*l + 38*l = 588. What is the highest common factor of 40 and l?
4
Let a = -19 - -194. Suppose 2*n = -2*n + 100. Suppose 0*y - y = -n. What is the greatest common divisor of y and a?
25
Let m(x) = -2*x + 18. Let s be m(12). Let q be (-3)/(2 + 21/s). What is the greatest common factor of q and 22?
2
Let y = 49 + 24. Let d = y - 44. Let b(s) = -319*s. Let q be b(-1). What is the highest common factor of d and q?
29
Let v(x) = x**3 + 8*x**2 + 11*x + 27. Let r be v(-8). Suppose 2*g + 2*g = 348. Let s = r + g. What is the greatest common factor of s and 39?
13
Let z(u) = -u + 4. Let t be z(2). Suppose t*n - 103 = 3. Let q = 98 - n. What is the greatest common factor of 30 and q?
15
Let c(d) = 2*d - 4. Let m be c(7). Suppose 0 = 6*j - 33 - 87. Calculate the highest common divisor of m and j.
10
Suppose u = -3*u + 132. Suppose -5*d = -2*d - u. Calculate the highest common factor of 11 and d.
11
Let j(x) = 20*x + 185. Let s be j(-6). Calculate the greatest common factor of 39 and s.
13
Suppose -3*a - 36 = 4*q, -a = 4*q - 3*q + 9. Let f = 21 - q. Calculate the greatest common factor of f and 50.
10
Let k = 3 - -1. Suppose 0 = 4*q + 5*n - 484, -q + k*n + 120 = 5*n. Calculate the highest common divisor of 29 and q.
29
Let x = -140 + 150. Let k = 34 + 46. What is the highest common divisor of x and k?
10
Let r(u) = -129*u - 552. Let y be r(-12). What is the highest common factor of 12 and y?
12
Let z(i) = 16*i - 320. Let t be z(23). Calculate the highest common factor of t and 1104.
48
Let g = 8 - -40. Suppose 0 = 5*c - u + 6*u - 25, 3*c = 3*u + 21. Calculate the highest common factor of c and g.
6
Suppose 4*c + 4*n - 4 + 8 = 0, -5*n = 2*c - 4. Let l = 5 - c. Let q be (-32)/6*(-6)/l. Calculate the highest common divisor of q and 2.
2
Let z be (-18)/9*(-6)/4. Suppose -2*b - z*t + 30 = b, -58 = -4*b + 5*t. Suppose -b = -2*s + d + 8, -d - 9 = -s. What is the greatest common divisor of s and 99?
11
Suppose -4*t + 5*k - 28 = -8*t, -k - 2 = -3*t. Suppose 5 = -t*g + 11. What is the highest common divisor of 33 and g?
3
Suppose -5*l - 165 = -2*u, 5*l = 6*u - 7*u + 60. Calculate the highest common divisor of u and 255.
15
Suppose -z - 72 = -4*z. Let d = 3 - 1. Let q be (-1178)/(-7) + d/(-7). Calculate the highest common divisor of z and q.
24
Let p be (1/(-2))/((-4)/152). Let q(o) = -44*o - 270. Let l be q(-7). What is the highest common factor of l and p?
19
Suppose z = -58 + 63, -h = 2*z - 73. Calculate the highest common divisor of h and 357.
21
Suppose -2*t + 24 = 4*t. Suppose t*k + 18 = 58. What is the greatest common divisor of k and 70?
10
Let v(p) be the second derivative of p**5/20 - 11*p**4/12 + 2*p**3/3 - 7*p**2 - 8*p. Let o be v(11). Calculate the highest common factor of o and 330.
30
Let g = -19 + 139. Suppose q + 1 = -2*s + 57, 64 = q + 4*s. Suppose -2*k + q = -k. What is the greatest common divisor of k and g?
24
Let z(m) = 0 + 3*m - 6*m - 5 + 2*m. Let f be z(5). Let w = 26 + f. What is the highest common factor of 8 and w?
8
Let z(y) = -y**2 - 55*y - 57. Let b be z(-37). What is the greatest common divisor of b and 105?
21
Let h(a) = a - 14. Let x be h(16). Let t(q) = 2*q**3 - 2*q**2 - 2*q + 4. Let m be t(x). What is the greatest common factor of m and 32?
8
Suppose 9*u - 12 = 6. Let j be ((-220)/(-7))/5 - u/7. What is the greatest common divisor of 54 and j?
6
Let t = 36 - 12. Let s = 6 + 2. Suppose 5*o - 6*o = -s. Calculate the highest common divisor of o and t.
8
Let h = 1363 - 1345. Let i = 994 + -706. Calculate the greatest common factor of h and i.
18
Let g be ((-46)/6*1)/(1/(-9)). Let n = -39 + g. Calculate the greatest common divisor of 150 and n.
30
Suppose -q - 4*x = -985, -21*x = -20*x + 4. Calculate the highest common divisor of 91 and q.
91
Suppose -6*b + 9 = -3*b - o, 0 = 5*b - o - 15. Let d(j) = 16*j. Let m be d(b). What is the highest common divisor of m and 32?
16
Let k(y) = y**2 + 43*y + 2. Let x be k(-43). Calculate the greatest common factor of 182 and x.
2
Let c(s) = s**3 + 5*s**2 - 4*s - 2. Let g be c(-4). Suppose -273 = -5*m - 2*z, -z = m - 84 + g. Calculate the greatest common divisor of m and 5.
5
Suppose 0 = -5*y - 20, 5*a + y - 37 = 4*y. What is the greatest common divisor of a and 25?
5
Let c be 20 + 1 + 4*-1. Let v = -7 + c. What is the greatest common factor of v and 35?
5
Let m(d) = 9*d**2 - 3*d + 2. Let h be m(2). Let n be ((-40)/90)/(6/(-27)). Calculate the highest common divisor of n and h.
2
Suppose -43 = 4*z - 107. Suppose -b - 4*u + 32 = 0, 0*u + u = -5*b + 84. What is the greatest common divisor of z and b?
16
Let r(s) = -8*s + 97*s**2 - 3 + 0*s - 98*s**2. Let c be ((-7)/2)/(1/2). Let u be r(c). Calculate the highest common factor of u and 4.
4
Suppose 130 = 3*p + 2*p. Suppose -395 + 83 = -3*y. Let b be (3/(-6))/((-4)/y). What is the highest common factor of b and p?
13
Let j(q) = -2*q**2 + 2*q + 2. Let o be j(-2). Let w be 1*o*4/(-4). Suppose -y - w = -49. What is the greatest common divisor of y and 26?
13
Let m(w) = 13*w - 1. Let g be m(1). Let x = -95 + 191. What is the greatest common factor of x and g?
12
Let d = 23 + -26. Let j be ((-3)/6 - d)*1*6. Calculate the greatest common factor of 75 and j.
15
Let q = 6 - -13. Let d = -34 - -53. What is the highest common factor of d and q?
19
Let z = 191 + -187. What is the highest common divisor of z and 148?
4
Let k(d) = 88*d**3 - d**2 + 2*d - 1. Let r be k(1). Suppose -4*z + 3*z + r = 0. Calculate the highest common factor of z and 66.
22
Suppose 8 = 4*m, -2*h - m - 10 = -196. Calculate the greatest common divisor of 345 and h.
23
Let p(a) = 38*a - 292. Let q be p(9). Calculate the highest common divisor of 50 and q.
50
Suppose -3*o + o = 4*b + 550, 8 = 2*b. Let p(x) = 39*x + 56. Let t be p(-13). Let w = o - t. Calculate the highest common divisor of 21 and w.
21
Suppose 419 = 3*w + 401. Calculate the greatest common factor of w and 486.
6
Let f = -1687 + 1819. Calculate the highest common divisor of f and 319.
11
Suppose 28 = 7*i - 49. Suppose -2*p + 15 = i. What is the greatest common divisor of p and 10?
2
Let u(l) = l**2 - 17*l + 4. Let r be u(17). Let x be 1 - 3 - (-5 + 2). Calculate the highest common divisor of x and r.
1
Suppose z = -5*d + 16, -8*d = 2*z - 11*d - 19. Calculate the highest common factor of z and 297.
11
Let n = -737 - -821. What is the highest common factor of 96 and n?
12
Let m be ((-186)/9)/(18/(-351)). Calculate the highest common divisor of m and 31.
31
Let f(n) = -4*n + 14. Let s(x) = x**3 - 2*x**2. Let k be s(3). Let p be f(k). Let i = p - -23. What is the greatest common factor of 5 and i?
1
Let r = -9 + 15. Suppose -2*f + 0*f + 20 = 0. Suppose -f*q - 192 = -14*q. Calculate the highest common divisor of q and r.
6
Let k be ((36 - -3)*13)/(-1). Let u be k/(-65) + (-1)/(-5). What is the highest common divisor of u and 20?
4
Let p be 7*5*6/15. Suppose -4*c = -2*b - 14, -3*c + 0*b = 2*b. Suppose -17 = -c*y + 291. Calculate the greatest com